9 = -5*o. Let g = o - k. What is the tens digit of g?
6
Suppose -8*d = -6*d - 36. Let y(c) = -c + d*c**2 + 64*c**2 + 132*c**2 + 1 - 34*c**2. What is the tens digit of y(1)?
8
Let o(k) = 3*k**2 - 33*k + 47. What is the thousands digit of o(-32)?
4
Suppose -6*r + 8484 = -10*r - 3*v, 2*r + 4248 = -3*v. What is the units digit of ((-3)/9)/(4238/r - -2)?
3
Suppose n - 4 = 0, 1 + 11 = 2*o + 2*n. Suppose -418 - 138 = -o*v. What is the tens digit of v?
7
Suppose 10*r + 585 = 15*r. Let q be -6*((-4)/(-2) - r/18). Suppose -127 = -q*k + 26*k. What is the tens digit of k?
2
Let w be -3 - (-1)/(-2)*2*-3. Suppose -3*a + w*a = -5*u + 1104, 3*u = 4*a + 669. What is the tens digit of u?
1
Let r = 38595 - 19369. What is the thousands digit of r?
9
Suppose 2*n = -8, f - n = -4*n + 38. Let d = -47 + f. Suppose 0*l + 91 = z + d*l, 2*l = -z + 91. What is the tens digit of z?
9
Let g be (-3)/(72/1182)*4. Let y = g + 1781. What is the hundreds digit of y?
5
What is the thousands digit of 28/(-15) + 2 + 355245/225?
1
Suppose 0 = -22*q + 21*q + 11. Suppose -q*r = -9*r - 170. What is the tens digit of r?
8
Let q be 0*5*(-5)/(-25). Suppose q = -24*a + 300 + 9444. What is the units digit of a?
6
Let d = -309 + 320. What is the tens digit of (-3 + d - 6)*93?
8
What is the units digit of 70498 + (1400/245)/(16/28)?
8
What is the units digit of (-9306975)/(-930) - (6/27 + (-10)/(-36))?
7
Let o(w) = -w**3 + 12*w**2 + 8*w + 3. Let r be o(12). Suppose -4*b = 2*p - 1950, r*b - 2*p - 990 = 97*b. What is the units digit of b?
0
Let i(s) be the first derivative of -2 + 23/2*s**2 - 10*s. What is the units digit of i(3)?
9
Let o(p) be the third derivative of 31*p**5/60 - 7*p**4/12 + 15*p**3/2 + 37*p**2. What is the tens digit of o(6)?
7
Let q = 64 + -60. Suppose -q*p + 101 = -259. What is the units digit of 200/p + (-2)/9 - -50?
2
Let r = -33 + 71. Let c = -58 + r. What is the tens digit of (-3628)/c + (-12)/30?
8
What is the thousands digit of -8 - 3957*12/(-9)?
5
Suppose 0 = -18*g - 8027 + 71477. What is the hundreds digit of g?
5
Suppose 0*g + 2*g = 10*c + 16568, -5*g + 2*c = -41443. What is the thousands digit of g?
8
Let d = -392 + 388. What is the hundreds digit of d/(-1) + 1365/7 + -1?
1
Let h(f) be the third derivative of -17*f**4/24 + f**3/3 + 67*f**2. What is the hundreds digit of h(-14)?
2
Suppose 0 = -3*c - 5*k + 328, -4*c + 434 + 12 = -2*k. Suppose 6*v + 6 = r + v, -2*v + c = 5*r. What is the units digit of r + (-4)/(-2 - 0/2)?
3
Suppose 0 = -112*k + 109*k + 4*x + 20141, 10 = -5*x. What is the hundreds digit of k?
7
Let j(t) = 129*t + 497. What is the tens digit of j(7)?
0
Let h(n) = -n**2 - 15*n - 18. Let r be h(-9). Suppose 6*b = r + 414. What is the tens digit of b?
7
Suppose 75 + 13 = 2*k. Let w = k + -48. What is the tens digit of (-18)/w*((-160)/(-12) - 0)?
6
Let u(b) = -90*b - 166. Let q be u(-6). Let s = 999 - q. What is the tens digit of s?
2
Suppose 117*d = -16*d + 2510242. What is the tens digit of d?
7
Suppose 0 = 12*s - 11*s - 404. What is the tens digit of (8 - s)*(-1 + -2)/3?
9
Suppose 15798 = 17*o - 50434. What is the hundreds digit of o?
8
Suppose 0 = -13*f + 2*f + 3300. Let w = f - 115. What is the hundreds digit of w?
1
Let p(h) = 4*h**3 - 41*h**2 + 13*h + 69. What is the thousands digit of p(14)?
3
Let i be 1*2 - (4 + (1 - -53)). Let f = 58 + i. What is the tens digit of -2 + f - -1 - -89?
9
Suppose 4*d - 30 = -4*j + 2*d, 5*j - 38 = -2*d. Suppose 3*t - j = 28. Suppose -2*b = 2*q - 188, 0*q - t = -3*q. What is the units digit of b?
0
Suppose 228*j = 214*j + 48608. What is the tens digit of j?
7
Let r(c) = c + 22. Let p be r(-17). Suppose -5328 = -3*m - p*m. What is the tens digit of (-3)/12 - m/(-8)?
8
Suppose 0 = -31*n + 26*n + 8840. What is the units digit of (n/24 - 8)/((-2)/(-12))?
4
Suppose 15*u = b + 16*u - 553, 4*u + 1130 = 2*b. What is the units digit of b?
7
Let x = 8 + -8. Suppose 0 = 56*r - 63*r + 21. Suppose -5*u - a = -x*u - 450, r*a + 360 = 4*u. What is the tens digit of u?
9
Suppose -1845 = n - 6*n. Let k = n - 709. Let j = -163 - k. What is the tens digit of j?
7
Let y(b) = -6*b - 12. Let q be 222/(-2)*8/(-24). Suppose -q*p + 41*p = -84. What is the units digit of y(p)?
4
Let v(w) be the second derivative of 223*w**4/4 - 2*w**3/3 + w**2 - 39*w. What is the hundreds digit of v(1)?
6
Let r(s) = -23*s + 4. Let z(y) = 2*y**2 + 13*y + 17. Let c be z(-4). What is the tens digit of r(c)?
7
Let s be (-1 - -3 - -13)*32/160. What is the tens digit of (3 - -296) + -1 + s?
0
Let t = 151 + -65. Let c = t + -84. Suppose -c*o - 2*v + 52 = 0, -2*v - 18 = 3*o - 92. What is the units digit of o?
2
Let n = 54245 - 36210. What is the units digit of n?
5
Let i be ((-4 - -6) + -4)*-1. Suppose -2*p + c + 13 = 0, i*p + 3*p - 19 = -2*c. Suppose 2*b = 5*d - 0*b - 436, b = p*d - 433. What is the tens digit of d?
8
Let x(c) = -c**3 + 1842478*c + 8 - c**2 - c**2 - 1842471*c. Suppose -2*p = 2*v + 6, -5*p + 5 = 2*v - 1. What is the units digit of x(v)?
4
Suppose 2*t = -q - 145, -q + 15 = 2*q. Let d = t + 78. Suppose -d*u + 710 = -5*h, -h = -3*u + 2*h + 702. What is the units digit of u?
0
Suppose 22*w = 21 + 1. Let n(q) = -149*q**3 + q. Let v(t) = 447*t**3 - t**2 - 3*t. Let p(h) = -7*n(h) - 2*v(h). What is the tens digit of p(w)?
5
Suppose 0 = 7*q - 11*q - 500. Let f = -65 - q. What is the hundreds digit of (-12)/f + (1216/5 - 0)?
2
Suppose 95 - 653 = -6*a. Suppose 3*w + 57 = a. What is the hundreds digit of (w/(-1))/6 - (-402)/2?
1
What is the hundreds digit of (-191672)/(-32) - (-5 + 81/12)?
9
What is the thousands digit of (1/3)/((-48833152)/1575264 - -31)?
6
Let k be (7 + -1 - 6)*4/4. What is the hundreds digit of (-3 - k) + -1 - (-13635)/15?
9
Let t(r) = -2*r**2 - 5*r - 940. Let i be t(0). Let c = -557 - i. What is the units digit of c?
3
Suppose w - 3 = -0. Suppose -o = w + 18. Let q(s) = -s**2 - 22*s + 21. What is the units digit of q(o)?
2
What is the tens digit of (-896)/12*(-9)/4*(-1220)/(-30)?
3
Suppose -5*t - 2*t = 35. Let i(d) = 5*d - 3. Let v(l) = l + 2. Let b(j) = -i(j) + 6*v(j). What is the units digit of b(t)?
0
Let a(q) = 4*q**3 + 164*q**2 - 20*q - 377. What is the ten thousands digit of a(-28)?
4
Let p = 9804 - -10170. What is the units digit of p?
4
Let g be (1 - (-9)/(-12))/(14/37016). What is the units digit of g - -2*(-24)/(-8)?
7
Suppose 31*b = 30*b + 4. Suppose -3*a = d - 22, -b*a - 2*d = -19 - 13. Suppose -a*p = -3*p - 147. What is the tens digit of p?
4
Let r(j) be the first derivative of -23*j**2 + 9*j - 21. Let y be r(-2). Suppose -t + 30 = -y. What is the units digit of t?
1
Let f(k) = -20*k**3 + 3*k**2 - 4. Let o(w) = w**3 + 13*w**2 + 12*w - 2. Let d be o(-12). What is the hundreds digit of f(d)?
1
Let s(q) = 20*q + 101. Let f be ((-1)/2)/((-7)/154). What is the tens digit of s(f)?
2
Let v(w) = -394*w**3 - 4*w**2 + 7*w + 17. What is the units digit of v(-3)?
8
Let j be 2*1/8 + (-129)/(-12). Suppose 20*s = j*s + 90. Suppose -2080 = -s*m + 2*m. What is the units digit of m?
0
Suppose 0*h + 5*j = 2*h + 33, 0 = 5*j - 15. Let x(y) = y**3 + 26*y**2 - y + 37. What is the tens digit of x(h)?
2
Suppose 327*i - 4853708 - 3447514 = 0. What is the units digit of i?
6
Let i(d) = -d**3 + 27*d**2 + 57*d + 27. Let f be i(29). What is the units digit of (f/(-3) + 77/(-21))*-29?
7
Let o = 348 - 354. What is the units digit of (-1)/o - (-5 - (-35441)/(-42))?
9
Let a(l) = -51*l + 9376. What is the units digit of a(-174)?
0
Let i = 730 + -730. Suppose 6*b - 3385 - 4631 = i. What is the hundreds digit of b?
3
Let j = 268 - 286. Let b = j + 479. What is the units digit of b?
1
Let z(g) = g**3 + 6*g**2 + 4*g - 1. Let h be z(-3). Suppose h*r - 3707 = 3*r. Suppose 0*q - r = -3*o - q, -o + q = -115. What is the hundreds digit of o?
1
Suppose -w - 3*p - 4606 + 13571 = 0, -3*p - 35965 = -4*w. What is the units digit of w?
6
Let m(k) = -k**3 - 30*k**2 - 13*k - 103. Suppose 28*z = 16*z - 372. What is the tens digit of m(z)?
6
Suppose -45*m = -41*m - 59612. Suppose -1895 = 12*r - m. What is the tens digit of r?
8
Let z(i) = i**2 - 5*i - 3. Let l be z(6). Suppose 588 = c + l*h, -150 - 2178 = -4*c - 4*h. What is the hundreds digit of c?
5
Let o = 47 - 77. What is the tens digit of (-1298)/(-5) - o/75?
6
Suppose z = -5*k - 2, 2*z + 3*k + 1 = 4. Let p(w) = -4*w - 4. 